{"id":106,"date":"2023-02-02T17:49:57","date_gmt":"2023-02-02T17:49:57","guid":{"rendered":"https:\/\/volleycircuitord.com\/?page_id=106"},"modified":"2023-05-08T23:05:41","modified_gmt":"2023-05-08T23:05:41","slug":"sobre-nosotros","status":"publish","type":"page","link":"https:\/\/volleycircuitord.com\/?page_id=106","title":{"rendered":"Sobre Nosotros"},"content":{"rendered":"\n<p class=\"has-text-align-left wp-block-paragraph\"><strong>Volley Circuito RD<\/strong>, es una empresa legalmente constituida para el montaje y realizaci\u00f3n de todo tipo de eventos deportivos, pero enfocada principalmente en voleibol. Adem\u00e1s, somos responsable del montaje anual del circuito de voleibol de playa que lleva el mismo nombre, el cual est\u00e1 compuesto por varias paradas durante el a\u00f1o. Este circuito surge de la necesidad de realizar anualmente eventos de voleibol pensados por y para los atletas, adem\u00e1s del disfruto familiar de este hermoso deporte.<\/p>\n\n\n\n<p class=\"wp-block-paragraph\">                                                                                     <strong>Volley Circuito RD<\/strong><\/p>\n\n\n<div class=\"wp-block-image\">\n<figure class=\"aligncenter size-full\"><img loading=\"lazy\" decoding=\"async\" width=\"512\" height=\"512\" src=\"https:\/\/volleycircuitord.com\/wp-content\/uploads\/2023\/01\/cropped-20230120_224525_0000-1.png\" alt=\"\" class=\"wp-image-43\" srcset=\"https:\/\/volleycircuitord.com\/wp-content\/uploads\/2023\/01\/cropped-20230120_224525_0000-1.png 512w, https:\/\/volleycircuitord.com\/wp-content\/uploads\/2023\/01\/cropped-20230120_224525_0000-1-300x300.png 300w, https:\/\/volleycircuitord.com\/wp-content\/uploads\/2023\/01\/cropped-20230120_224525_0000-1-150x150.png 150w, https:\/\/volleycircuitord.com\/wp-content\/uploads\/2023\/01\/cropped-20230120_224525_0000-1-270x270.png 270w, https:\/\/volleycircuitord.com\/wp-content\/uploads\/2023\/01\/cropped-20230120_224525_0000-1-192x192.png 192w, https:\/\/volleycircuitord.com\/wp-content\/uploads\/2023\/01\/cropped-20230120_224525_0000-1-180x180.png 180w, https:\/\/volleycircuitord.com\/wp-content\/uploads\/2023\/01\/cropped-20230120_224525_0000-1-32x32.png 32w\" sizes=\"auto, (max-width: 512px) 100vw, 512px\" \/><\/figure>\n<\/div>","protected":false},"excerpt":{"rendered":"<p>Volley Circuito RD, es una empresa legalmente constituida para el montaje y realizaci\u00f3n de todo tipo de eventos deportivos, pero enfocada principalmente en voleibol. Adem\u00e1s, somos responsable del montaje anual&hellip; <\/p>\n","protected":false},"author":1,"featured_media":71,"parent":0,"menu_order":0,"comment_status":"closed","ping_status":"closed","template":"","meta":{"_coblocks_attr":"","_coblocks_dimensions":"","_coblocks_responsive_height":"","_coblocks_accordion_ie_support":"","_crdt_document":"","_uag_custom_page_level_css":"","footnotes":""},"class_list":["post-106","page","type-page","status-publish","has-post-thumbnail","hentry"],"aioseo_notices":[],"uagb_featured_image_src":{"full":["https:\/\/volleycircuitord.com\/wp-content\/uploads\/2023\/01\/VCRD-LOGOTIPO-260-\u00d7-100-px.png",260,100,false],"thumbnail":["https:\/\/volleycircuitord.com\/wp-content\/uploads\/2023\/01\/VCRD-LOGOTIPO-260-\u00d7-100-px-150x100.png",150,100,true],"medium":["https:\/\/volleycircuitord.com\/wp-content\/uploads\/2023\/01\/VCRD-LOGOTIPO-260-\u00d7-100-px.png",260,100,false],"medium_large":["https:\/\/volleycircuitord.com\/wp-content\/uploads\/2023\/01\/VCRD-LOGOTIPO-260-\u00d7-100-px.png",260,100,false],"large":["https:\/\/volleycircuitord.com\/wp-content\/uploads\/2023\/01\/VCRD-LOGOTIPO-260-\u00d7-100-px.png",260,100,false],"1536x1536":["https:\/\/volleycircuitord.com\/wp-content\/uploads\/2023\/01\/VCRD-LOGOTIPO-260-\u00d7-100-px.png",260,100,false],"2048x2048":["https:\/\/volleycircuitord.com\/wp-content\/uploads\/2023\/01\/VCRD-LOGOTIPO-260-\u00d7-100-px.png",260,100,false]},"uagb_author_info":{"display_name":"volleycircuitord@gmail.com","author_link":"https:\/\/volleycircuitord.com\/?author=1"},"uagb_comment_info":0,"uagb_excerpt":"Volley Circuito RD, es una empresa legalmente constituida para el montaje y realizaci\u00f3n de todo tipo de eventos deportivos, pero enfocada principalmente en voleibol. Adem\u00e1s, somos responsable del montaje anual&hellip;","_links":{"self":[{"href":"https:\/\/volleycircuitord.com\/index.php?rest_route=\/wp\/v2\/pages\/106","targetHints":{"allow":["GET"]}}],"collection":[{"href":"https:\/\/volleycircuitord.com\/index.php?rest_route=\/wp\/v2\/pages"}],"about":[{"href":"https:\/\/volleycircuitord.com\/index.php?rest_route=\/wp\/v2\/types\/page"}],"author":[{"embeddable":true,"href":"https:\/\/volleycircuitord.com\/index.php?rest_route=\/wp\/v2\/users\/1"}],"replies":[{"embeddable":true,"href":"https:\/\/volleycircuitord.com\/index.php?rest_route=%2Fwp%2Fv2%2Fcomments&post=106"}],"version-history":[{"count":16,"href":"https:\/\/volleycircuitord.com\/index.php?rest_route=\/wp\/v2\/pages\/106\/revisions"}],"predecessor-version":[{"id":765,"href":"https:\/\/volleycircuitord.com\/index.php?rest_route=\/wp\/v2\/pages\/106\/revisions\/765"}],"wp:featuredmedia":[{"embeddable":true,"href":"https:\/\/volleycircuitord.com\/index.php?rest_route=\/wp\/v2\/media\/71"}],"wp:attachment":[{"href":"https:\/\/volleycircuitord.com\/index.php?rest_route=%2Fwp%2Fv2%2Fmedia&parent=106"}],"curies":[{"name":"wp","href":"https:\/\/api.w.org\/{rel}","templated":true}]}}